65)?
-15
-328 + 311 - (10 + -65)
38
-45 + 33 - (1 - 6) - (-574 - -572)
-5
Evaluate -1 - -9 - ((28 + -15 - 2 - 15) + -18).
30
What is the value of -28 + (30 - 11) + (0 - 1) - 7?
-17
Evaluate 9 + 22 + -75 + 83.
39
68 + -61 + -82 - -136
61
What is the value of 25 + (-4 - 9) - (-1 + 1 - -6 - 27)?
33
What is the value of -88 + (151 - 64) - (8 + (0 - 0))?
-9
13 + 13 + (58 - (15 - 18)) + 4 + -5
86
28 + (-76 - -21) + 26 - (1 - 100)
98
What is (246 - 248) + (-4 - (3 + 48))?
-57
-1 + 9 - (56 + -1 - (-360 - -352))
-55
What is 18 + -12 - (7 + -23 + 1 + 6)?
15
What is the value of -109 - (-2 + 0) - (-96 + 111)?
-122
Calculate 195 - (-104 + (289 - 48)).
58
Evaluate -100 - -143 - 28 - (1 - -1).
13
18 + (-23 - -17) + -1 + 4 + -29
-14
What is the value of (17 + -1 + -60 - (4 - -3)) + 11?
-40
Calculate 1 - -9 - (-1 + -24 + 111 + -89).
13
What is the value of (-97 - -97 - (5 + -1)) + 11 + -2 + -41?
-36
What is the value of 1 - -12 - (-6 - -63 - (-66 - -7))?
-103
-131 - (33 + -204) - 103
-63
What is the value of (3 - -1) + (3557 + -3576 - (-2 + 2 + -6))?
-9
Evaluate 24 + (-3 + (1 - 3) - -11 - -11) + -11.
30
What is -24 + (-36 - ((15 - 13) + -27))?
-35
(277 + -274 - (-1 + -2)) + 4
10
Evaluate (-199 - 453) + 671 + -1 + -10 + -1.
7
What is the value of (7 + (6 - 1) + -7 - -30) + -13?
22
What is 7 - 0 - (6 + (2 - (5 - -8))) - 6?
6
What is the value of (2 - 1) + (-14 + 12 + 20 - -12)?
31
Calculate (10 + (20 - 9) - -9) + -7 + 9.
32
What is the value of (-1 + (-4 - 18) - (-15 - -2)) + 13?
3
Evaluate (69 - -2) + -49 - (13 - 0).
9
Calculate 2 - (26 - (54 + 12)).
42
What is the value of (781 - 727) + (-2 - 30)?
22
Calculate 22 + (-5 + -4 - (12 - 30 - -7)).
24
Calculate -904 + 982 - (-18 + 4).
92
Evaluate (108 + 6 - 105) + (0 - 0) + -9 + -2.
-2
What is (-74 - (-39 + 36 + -15)) + 28?
-28
0 + -14 - (-40 + (-14 - -37) + 16)
-13
Calculate (8 - 2) + (-4 - (15 + -13 - -1)).
-1
Calculate 11 - (24 - (-4 + 19)).
2
Evaluate -1497 - -1506 - ((19 - -1) + 2).
-13
What is -20 + -13 + 20 + (15 - 20) - -50?
32
What is (0 - 97) + (-2 - -71 - 79 - (1 - 1))?
-107
(0 - -29) + (26 - 65)
-10
Evaluate (-46 - -43 - 26) + 74.
45
What is 10 + (-19 - (26 + -12 + 11))?
-34
-6 + (-84 - -51) - -45
6
Evaluate -1 + -14 + (-894 - -867 - (2 + -37)).
-7
What is the value of -39 - (-110 + 23) - (105 + -3)?
-54
((431 - 428) + (0 - 1) + 0 - 6) + 48
44
What is the value of (-15 - -27) + (13 - (23 - -1)) + -105 + 4?
-100
Calculate -13 + 35 + -14 + 33 + (1 - 4) + -13.
25
Calculate (-10 + (26 - 0) - (-53 - -76)) + 132.
125
What is 6 + -30 + 5 + (69 - 55 - (5 + 3))?
-13
What is the value of 94 - (-67 + 107 + 19)?
35
What is the value of 537 + -459 - (38 + 1)?
39
(6 + -26 - (-5 - (2 + -8) - 10)) + 41
30
23 - (9 + (0 - 11) + 3 - (-1 - -9))
30
What is the value of 36 + (66 - 109) - 58?
-65
What is the value of 11 - (-54 + 18 + 24 + 122)?
-99
Calculate (3 - (-21 - (-22 + 0))) + 21.
23
Evaluate 28 + -8 + -7 - (-9 + (0 - 6)).
28
What is (3 - -4) + (-6 - 4) + (21 - (6 - 5))?
17
What is the value of (71 - 42 - 40 - -36) + -101?
-76
What is the value of 32 + (54 + -2 - 118)?
-34
What is the value of -2 - -50 - (44 + (-19 - 8))?
31
What is the value of (-4 + 0 - 6) + (-13 - 2 - -10 - 107)?
-122
(15 - 1) + (30 - 14) + 0 + -22
8
What is the value of (17 + (-15 - -2) - 51) + -46?
-93
What is -4 + (52 - -2) + 0 + -10 - -8?
48
Calculate (27 + (-27 - -12) - (15 - -2)) + 12.
7
Evaluate 33 + -1 - (-755 + 762) - 14 - (1 - -14).
-4
56 + -6 - (-28 - (-14 - (-8 - -9)))
63
Evaluate 15 + (-23 + (12 - -93) - 12).
85
(65 - -5) + -34 + -54 + 119
101
What is 21 + 7 - (-400 + 442)?
-14
What is the value of ((-26 - -29) + 0 - -25) + -9?
19
What is 106 + (1 - 81 - -8)?
34
What is 4 - -21 - (28 - (16 - (10 - 5)))?
8
Evaluate (-38 - -24) + 40 + -63.
-37
Evaluate -14 + (32 - 86 - -61).
-7
-100 + -1 + (-12866 - -12908)
-59
Evaluate (5 - (-18 + 18 + -9)) + -15 - (-1 - -53).
-53
What is the value of 57 - (-4 + 69) - 26?
-34
What is 43 + 35 + -108 + 40?
10
-2 - 1 - (202 - 248)
43
Evaluate 256 + -304 + 22 + 2.
-24
What is (9 - -2) + 12 - (-10 - -21 - -99)?
-87
What is the value of (69 - 126) + -15 + 98?
26
Calculate 0 + (-45 - -67) + -54.
-32
Calculate -4 - 25 - -26 - -37.
34
What is the value of 11 + 1 - (77 - (-155 - -273))?
53
Evaluate -35 - -16 - -31 - (55 + -7 + 16).
-52
Calculate 14 + (3 - (6 + (-9 - 12) + 9)).
23
Calculate 8823 + -8761 + (11 - (0 + -1)).
74
Calculate 7 + (18 - 31 - -17) - (1 + 0 + 0).
10
Calculate (-3 - (-4 + -5) - (49 - 139)) + (-4 - 5).
87
What is the value of (-26 - -2) + -315 + 331?
-8
(11 + -7 + -5 + 18 + -18 - -9) + -29
-21
What is the value of (-44 - -56) + 3 + 35 + (-2 - -1)?
49
What is 146 + -63 + -6 - 16?
61
Evaluate (-38 - (-24 - -22)) + 3 + -17.
-50
-11 + (26 - 42) - -71 - 12
32
Calculate -1 + -32 + (34 - (-13 + -14)).
28
5 + (-43 - (14 + -7 - 3)) - -10
-32
What is the value of -66 - (17 - 38) - -51?
6
What is -36 + (-36 - -21) + 56?
5
What is -9 - (-10 + -17) - 32 - 6?
-20
(4 - -8) + -14 - (-2 + -9) - 8 - -122
123
What is 22 + 45 + (19 - 87) + 44?
43
52 + (-6 - (-11 + (38 - 20)))
39
Calculate (38 - -4) + 501 + -581.
-38
-15 + 13 - (-49 - ((0 - 8) + (64 - 56)))
47
What is (-74 - -20) + 66 + -36?
-24
Evaluate (13 - ((14 - 23) + 15)) + -6 - (-16 + -1).
18
Evaluate 26 + -7 + (-15 + -6 - -42) + -1.
39
What is the value of 99 - ((31 - 16) + (1 - -8 - 44))?
119
Calculate -4 - (-9 + (-13 - 1 - (-104 - -143))).
58
What is 41 + (-57 - 13) - 6?
-35
What is the value of -17 + 9 + -5 + -26 + 28 - -9?
-2
What is the value of -7 - (-51 + (-5 + -3 - -6) + 4 + -11)?
53
What is -35 + (-9 - -4) + 1 + 23 + -43 + 9?
-50
7 - 17 - (-11 - (21 + -20)) - (101 + 3)
-102
(-194 - -290) + (7 - 116)
-13
-48 + (-33 - (-93 - -9))
3
-5 - 24 - (1 + -3 - -2) - (-3581 - -3582)
-30
What is the value of (0 - 54) + (-16 - (1 + -6 + (-22 - -13)))?
-56
What is the value of (-19 - (-16 + -50) - 17) + 9?
39
Evaluate (18 - 4) + -6 + (-2 - -3 - 7) + -57.
-55
Calculate 58 + -100 - -10 - -51.
19
Evaluate (-9 - -10 - (-73 + 17)) + (1 - 9).
49
What is 20 + -5 + (750 - 796)?
-31
What is the value of -9807 + 9936 + (0 - (0 - (-2 + -21)))?
106
Calculate -58 - (29 - 22) - 3.
-68
Calculate -15 - (75 + -9 + -116).
35
What is the value of 23 + (20 - 1 - ((-1 + -19 - -43) + -14))?
33
Calculate (22 - (40 - 8) - 9) + 3.
-16
Evaluate (-22 - (-6 - -4)) + 352 + -362.
-30
What is the value of 23 + -3 - -1 - (-984 + 1001)?
4
Calculate -29 + 70 + (72 + -35 - 75).
3
What is the value of -4 + 0 + 7 + (0 - 133) - (-23301 - -23296)?
-125
Evaluate 0 + 6 + -8 - -2 - 10.
-10
Calculate 18 + (2 - 1) - (20174 + -20059).
-96
What is 9 + 12 + 19 + -1 + (-3 - (5 - 3))?
34
What is the value of 11 - -47 - 64 - (-22 - -3)?
13
What is -43 + (-2 - 17) + 2 + (21 - 0)?
-39
What is the value of 13 + 1 - ((15 - 33) + 8)?
24
17 + -37 + (22 - 41 - -21)
-18
What is the value of -7 + -145 + 3 + 35 + -41 + 27?
-128
What is ((26 - 15) + 97 - -17) + -17 + -4?
104
Calculate (-78 - 3) + 2 - (-85 - -188 - 112).
-70
Evaluate -161 - (49 + -42 + (-9 - -4 - 8 - 0)).
-155
What is the value of -91 - -95 - (41 + -1 - -3)?
-39
(-29 - ((4 - -22) + 29)) + 25 + -1
-60
What is the value of -102 + 32 + (6 - -115)?
51
Evaluate -1 + 69 + -24 - (-9 + (5 - 3)).
51
(120 - 125) + 2 + (-3 - 20) + 14
-12
What is the value of (-10 - (-3 + 0)) + -420 + 428?
1
(-64 + 52 - 72) + 162
78
Calculate -2 - (1 + -2 - 17 - (130 + -145)).
1
What is -14 - (-14 + 70) - -41?
-29
Evaluate (-4 - 50 - -2) + -23 + 15 + 3.
-57
What is -49 + 39 - (-29 - (-13 + 10 - -3))?
19
17 + -140 + 33 + 23 + 0
-67
What is (-5 + -6 - -18) + -6 + 11?
12
What is -6 - (-12 - 0) - (-5 - (6 - -8))?
25
Calculate -14 + (-9 - (-13 + -13)).
3
Evaluate 22 + -5 + -6 + -8 + 13.
16
What is 7 + (-2 - -6 - 6 - (29 + 8))?
-32
What is 98 + 51 + -7 - 197?
-55
-93 - (-18 - (19 - 39)) - -15 - -6
-74
Evaluate -137 + 144 - ((-55 - -8) + 1 + 2).
51
What is (-2 - -18) + (9 - (10 - -18))?
-3
(-25 - -37) + (2 - 9) + (3 - (-1 - -8))
1
Evaluate -8 + (-6 - (-21 + 6)) + (-1 - (-6 - 3)).
9
What is 4 + -1 - 61 - (-12 - (-11 + -1 - -8))?
-50
Calculate -4 + 9 + -4 + -21 + 28 + -26.
-18
(1 + 24 - -2) + (106 - 126) + 7
14
Calculate -3 + -2 + (-3 - (-67 - 0 - 6)).
65
What is the value of (0 - -61) + (2 - 2) - (12 + (-25 - -19))?
55
What is the value of 8 + (-21 - (5 + -13)) + (11 - 3)?
3
Evaluate -15 